{"id":9789,"date":"2016-06-18T07:37:34","date_gmt":"2016-06-18T07:37:34","guid":{"rendered":"http:\/\/webnus.biz\/dummy\/easyweb\/small\/?page_id=9789"},"modified":"2024-10-16T20:24:13","modified_gmt":"2024-10-16T23:24:13","slug":"11320-2","status":"publish","type":"page","link":"http:\/\/dytsa.com.ar\/","title":{"rendered":"Home 1"},"content":{"rendered":"<p>[vc_row row_type=&#8221;1&#8243;][vc_column][rev_slider_vc alias=&#8221;creative-freedom&#8221;][\/vc_column][\/vc_row][vc_row row_type=&#8221;2&#8243; row_id=&#8221;about&#8221; blox_bgcolor=&#8221;#f6f6f5&#8243;][vc_column]<hr class=\"vertical-space5\">[vc_column_text]<\/p>\n<h1 class=\"respo-tagline\" style=\"text-align: center;\"><strong><span style=\"color: #b79cad;\">NOSOTROS<\/span><\/strong><\/h1>\n<div class=\"clear\"><\/div>\n<div class=\"row-end\"><\/div>\n<p>[\/vc_column_text]<hr class=\"vertical-space1\">[vc_column_text css=&#8221;.vc_custom_1604859157368{padding-right: 50px !important;padding-left: 50px !important;}&#8221;]<\/p>\n<p><span lang=\"es-AR\">Somos un Estudio Aduanero que se distingue por brindar un servicio de asesoramiento especializado e innovador. Brindando servicios desde el a\u00f1o 2011, pero con m\u00e1s de 20 a\u00f1os de experiencia ininterrumpida, gracias al desempe\u00f1o de nuestros fundadores en la actividad aduanera y de log\u00edstica. <\/span><\/p>\n<p><span lang=\"es-AR\">Desde un comienzo, la innovaci\u00f3n y el dinamismo han sido claves en nuestro trabajo, caracter\u00edsticas por las que hoy nos reconocen quienes han decidido confiarnos sus operaciones.<\/span><\/p>\n<p>[\/vc_column_text]<hr class=\"vertical-space1\">[vc_tta_tabs style=&#8221;modern&#8221; color=&#8221;white&#8221; spacing=&#8221;35&#8243; gap=&#8221;35&#8243; alignment=&#8221;center&#8221; active_section=&#8221;1&#8243; no_fill_content_area=&#8221;true&#8221;][vc_tta_section title=&#8221;NUESTRA <strong>HISTORIA<\/strong>&#8221; tab_id=&#8221;1510686013253-8a8fbe19-7fbd&#8221;][vc_column_text]<\/p>\n<div class=\"clear\"><\/div>\n<div class=\"row-end\"><\/div>\n<h3 style=\"text-align: center; font-weight: 600; font-size: 25px;\">NUESTRA\u00a0<span style=\"color: #b79cad;\">HISTORIA<\/span><\/h3>\n<p>[\/vc_column_text]<hr class=\"vertical-space1\">[vc_row_inner][vc_column_inner][vc_column_text css_animation=&#8221;left-to-right&#8221; css=&#8221;.vc_custom_1604859167671{padding-right: 20px !important;padding-left: 20px !important;}&#8221;]<\/p>\n<p style=\"text-align: center;\"><strong>20 A\u00d1OS DE EXPERIENCIA.<\/strong> Si bien DYTSA comienza sus actividad como tal en el a\u00f1o 2011, sus socios fundadores cuentan con m\u00e1s de 20 a\u00f1os de experiencia ininterrumpida en la actividad aduanera y log\u00edstica.<\/p>\n<p>[\/vc_column_text][\/vc_column_inner][\/vc_row_inner]<hr class=\"vertical-space4\">[\/vc_tta_section][vc_tta_section title=&#8221;<strong>MISI\u00d3N<\/strong>&#8221; tab_id=&#8221;1510686013313-1ac6fde1-a26a&#8221;][vc_column_text]<\/p>\n<p style=\"text-align: center; font-weight: 600; font-size: 25px;\"><span style=\"color: #b79cad;\">MISI\u00d3N<\/span><\/p>\n<p>[\/vc_column_text]<hr class=\"vertical-space1\">[vc_row_inner][vc_column_inner][vc_column_text css_animation=&#8221;left-to-right&#8221;]<\/p>\n<p style=\"text-align: center;\"><span lang=\"es-AR\"><strong>\u00a1Siempre buscando m\u00e1s! <\/strong><\/span><span lang=\"es-AR\">Ofrecer un asesoramiento integral e innovador en Comercio Internacional a trav\u00e9s de un equipo multidisciplinario de profesionales, atendiendo las necesidades de nuestros clientes en tiempo y forma, minimizando los costos, optimizando los recursos y asegurando que la carga llegue a destino en condiciones \u00f3ptimas. <\/span><\/p>\n<p>[\/vc_column_text][\/vc_column_inner][\/vc_row_inner]<hr class=\"vertical-space4\">[\/vc_tta_section][vc_tta_section title=&#8221;<strong>VISI\u00d3N<\/strong>&#8221; tab_id=&#8221;1510686462447-8efcdd4f-cee0&#8243;][vc_column_text]<\/p>\n<h3 style=\"text-align: center; font-weight: 600; font-size: 25px;\"><span style=\"color: #b79cad;\">VISI\u00d3N<\/span><\/h3>\n<p>[\/vc_column_text]<hr class=\"vertical-space1\">[vc_row_inner][vc_column_inner][vc_column_text css_animation=&#8221;left-to-right&#8221;]<\/p>\n<p style=\"text-align: center;\"><span lang=\"es-AR\">Ser la empresa referente en Comercio Internacional, manteni\u00e9ndonos siempre en continuo crecimiento para beneficio de nuestros clientes.<\/span><\/p>\n<p>[\/vc_column_text][\/vc_column_inner][\/vc_row_inner]<hr class=\"vertical-space4\">[\/vc_tta_section][vc_tta_section title=&#8221;NUESTROS <strong>CLIENTES<\/strong>&#8221; tab_id=&#8221;1510686652663-6696ddaf-f119&#8243;][vc_column_text]<\/p>\n<h3 style=\"text-align: center; font-weight: 600; font-size: 25px;\"><span style=\"color: #b79cad;\"><span style=\"color: #333333;\">NUESTROS\u00a0<\/span>CLIENTES<\/span><\/h3>\n<p>[\/vc_column_text]<hr class=\"vertical-space1\">[vc_column_text css_animation=&#8221;left-to-right&#8221;]<\/p>\n<p style=\"text-align: center;\">Conozca a algunas de las empresas que nos conf\u00edan sus operaciones de comercio exterior.<\/p>\n<p>[\/vc_column_text]<hr class=\"vertical-space1\"><div class=\"aligncenter\"><hr class=\"vertical-space1\"><div class=\"col-md-12 our-clients-wrap crsl\"><ul id=\"our-clients\" class=\"our-clients crsl\"><li><img decoding=\"async\" alt=\"\" src=\"http:\/\/dytsa.com.ar\/wp-content\/uploads\/2024\/10\/KIOSHI-stone.jpg\"\/><\/li><li><img decoding=\"async\" alt=\"\" src=\"http:\/\/dytsa.com.ar\/wp-content\/uploads\/2024\/10\/golwind2.jpg\"\/><\/li><li><img decoding=\"async\" alt=\"\" src=\"http:\/\/dytsa.com.ar\/wp-content\/uploads\/2016\/06\/CETEC-1.jpg\"\/><\/li><li><img decoding=\"async\" alt=\"\" src=\"http:\/\/dytsa.com.ar\/wp-content\/uploads\/2016\/06\/DRILLMEC-1.jpg\"\/><\/li><li><img decoding=\"async\" alt=\"\" src=\"http:\/\/dytsa.com.ar\/wp-content\/uploads\/2016\/06\/KIOSHI-1.jpg\"\/><\/li><li><img decoding=\"async\" alt=\"\" src=\"http:\/\/dytsa.com.ar\/wp-content\/uploads\/2016\/06\/MICROBELL-1.jpg\"\/><\/li><li><img decoding=\"async\" alt=\"\" src=\"http:\/\/dytsa.com.ar\/wp-content\/uploads\/2016\/06\/SWIBER-1.jpg\"\/><\/li><li><img decoding=\"async\" alt=\"\" src=\"http:\/\/dytsa.com.ar\/wp-content\/uploads\/2020\/11\/kids-land-1.png\"\/><\/li><li><img decoding=\"async\" alt=\"\" src=\"http:\/\/dytsa.com.ar\/wp-content\/uploads\/2020\/11\/dvs-1.png\"\/><\/li><li><img decoding=\"async\" alt=\"\" src=\"http:\/\/dytsa.com.ar\/wp-content\/uploads\/2020\/11\/TVU-1.png\"\/><\/li><\/ul><\/div><hr class=\"vertical-space2\"><\/div><hr class=\"vertical-space4\">[\/vc_tta_section][\/vc_tta_tabs][\/vc_column][\/vc_row][vc_row row_type=&#8221;2&#8243; row_id=&#8221;contac&#8221; blox_image=&#8221;9806&#8243; blox_padding_top=&#8221;100&#8243; blox_padding_bottom=&#8221;100&#8243; blox_dark=&#8221;true&#8221; blox_bgcolor=&#8221;#43103a&#8221;][vc_column][vc_column_text]<\/p>\n<h1 class=\"respo-tagline\" style=\"text-align: center;\"><strong><span style=\"color: #b79cad;\">CONTACTO<\/span><\/strong><\/h1>\n<p style=\"text-align: center;\"><span lang=\"es-AR\">\u00a1H\u00e1ganos saber c\u00f3mo podemos ayudarlo!<\/span><\/p>\n<p>[\/vc_column_text]<hr class=\"vertical-space1\">[vc_row_inner][vc_column_inner width=&#8221;1\/4&#8243;][\/vc_column_inner][vc_column_inner width=&#8221;1\/2&#8243;]\n<div class=\"wpcf7 no-js\" id=\"wpcf7-f9980-o1\" lang=\"es-AR\" dir=\"ltr\">\n<div class=\"screen-reader-response\"><p role=\"status\" aria-live=\"polite\" aria-atomic=\"true\"><\/p> <ul><\/ul><\/div>\n<form action=\"\/index.php?rest_route=%2Fwp%2Fv2%2Fpages%2F9789#wpcf7-f9980-o1\" method=\"post\" class=\"wpcf7-form init\" aria-label=\"Contact form\" novalidate=\"novalidate\" data-status=\"init\">\n<div style=\"display: none;\">\n<input type=\"hidden\" name=\"_wpcf7\" value=\"9980\" \/>\n<input type=\"hidden\" name=\"_wpcf7_version\" value=\"5.9.7\" \/>\n<input type=\"hidden\" name=\"_wpcf7_locale\" value=\"es_AR\" \/>\n<input type=\"hidden\" name=\"_wpcf7_unit_tag\" value=\"wpcf7-f9980-o1\" \/>\n<input type=\"hidden\" name=\"_wpcf7_container_post\" value=\"0\" \/>\n<input type=\"hidden\" name=\"_wpcf7_posted_data_hash\" value=\"\" \/>\n<\/div>\n<p><label> Nombre*<br \/>\n<span class=\"wpcf7-form-control-wrap\" data-name=\"your-name\"><input size=\"40\" maxlength=\"400\" class=\"wpcf7-form-control wpcf7-text wpcf7-validates-as-required\" aria-required=\"true\" aria-invalid=\"false\" value=\"\" type=\"text\" name=\"your-name\" \/><\/span> <\/label>\n<\/p>\n<p><label> Correo electr\u00f3nico*<br \/>\n<span class=\"wpcf7-form-control-wrap\" data-name=\"your-email\"><input size=\"40\" maxlength=\"400\" class=\"wpcf7-form-control wpcf7-email wpcf7-validates-as-required wpcf7-text wpcf7-validates-as-email\" aria-required=\"true\" aria-invalid=\"false\" value=\"\" type=\"email\" name=\"your-email\" \/><\/span> <\/label>\n<\/p>\n<p><label> Asunto<br \/>\n<span class=\"wpcf7-form-control-wrap\" data-name=\"your-subject\"><input size=\"40\" maxlength=\"400\" class=\"wpcf7-form-control wpcf7-text\" aria-invalid=\"false\" value=\"\" type=\"text\" name=\"your-subject\" \/><\/span> <\/label>\n<\/p>\n<p><label> Mensaje<br \/>\n<span class=\"wpcf7-form-control-wrap\" data-name=\"your-message\"><textarea cols=\"40\" rows=\"10\" maxlength=\"2000\" class=\"wpcf7-form-control wpcf7-textarea\" aria-invalid=\"false\" name=\"your-message\"><\/textarea><\/span> <\/label>\n<\/p>\n<p><input class=\"wpcf7-form-control wpcf7-submit has-spinner\" type=\"submit\" value=\"Enviar\" \/>\n<\/p><p style=\"display: none !important;\" class=\"akismet-fields-container\" data-prefix=\"_wpcf7_ak_\"><label>&#916;<textarea name=\"_wpcf7_ak_hp_textarea\" cols=\"45\" rows=\"8\" maxlength=\"100\"><\/textarea><\/label><input type=\"hidden\" id=\"ak_js_1\" name=\"_wpcf7_ak_js\" value=\"160\"\/><script>document.getElementById( \"ak_js_1\" ).setAttribute( \"value\", ( new Date() ).getTime() );<\/script><\/p><div class=\"wpcf7-response-output\" aria-hidden=\"true\"><\/div>\n<\/form>\n<\/div>\n[\/vc_column_inner][vc_column_inner width=&#8221;1\/4&#8243;][\/vc_column_inner][\/vc_row_inner]<hr class=\"vertical-space4\">[\/vc_column][\/vc_row][vc_row][vc_column][vc_column_text]<\/p>\n<div class=\"clear\"><\/div>\n<div class=\"row-end\"><\/div>\n<div class=\"vce-row-container\">\n<div id=\"el-3b34e6fc\" class=\"vce-row vce-row--col-gap-30 vce-row-columns--top vce-row-content--top\" data-vce-do-apply=\"all el-3b34e6fc\">\n<div class=\"vce-row-content\" data-vce-element-content=\"true\">\n<div id=\"el-98ff4cc2\" class=\"vce-col vce-col--md-auto vce-col--xs-1 vce-col--xs-last vce-col--xs-first vce-col--sm-last vce-col--sm-first vce-col--md-last vce-col--lg-last vce-col--xl-last vce-col--md-first vce-col--lg-first vce-col--xl-first\">\n<div class=\"vce-col-inner\" data-vce-do-apply=\"border margin background el-98ff4cc2\">\n<div class=\"vce-content-background-container\"><\/div>\n<div class=\"vce-col-content\" data-vce-element-content=\"true\" data-vce-do-apply=\"padding el-98ff4cc2\">\n<div class=\"vce-text-block\">\n<div id=\"el-c8673015\" class=\"vce-text-block-wrapper vce\" data-vce-do-apply=\"all el-c8673015\">\n<h2 style=\"text-align: center; line-height: 1;\"><span style=\"font-size: 12pt; letter-spacing: inherit; color: #43103a;\"><strong>Santiago del Estero 315, Piso 3, Oficina 33.<br \/>\n(C1075AAG) C.A.B.A.<br \/>\nTel: (+54 11) 2153-3629<\/strong><\/span><\/h2>\n<\/div>\n<\/div>\n<div class=\"vce-text-block\">\n<div id=\"el-55e883ad\" class=\"vce-text-block-wrapper vce\" data-vce-do-apply=\"all el-55e883ad\">\n<h3 style=\"text-align: center;\"><span style=\"font-size: 12pt; color: #b79cad;\"><strong>Email: <a style=\"color: #b79cad;\" href=\"mailto:consultas@dytsa.com.ar\">consultas@dytsa.com.ar<\/a><\/strong><\/span><\/h3>\n<\/div>\n<\/div>\n<\/div>\n<\/div>\n<\/div>\n<\/div>\n<\/div>\n<\/div>\n<p><!--vcv no format-->[\/vc_column_text][\/vc_column][\/vc_row]<\/p>\n","protected":false},"excerpt":{"rendered":"<p>[vc_row row_type=&#8221;1&#8243;][vc_column][rev_slider_vc alias=&#8221;creative-freedom&#8221;][\/vc_column][\/vc_row][vc_row row_type=&#8221;2&#8243; row_id=&#8221;about&#8221; blox_bgcolor=&#8221;#f6f6f5&#8243;][vc_column][vc_column_text] NOSOTROS [\/vc_column_text][vc_column_text css=&#8221;.vc_custom_1604859157368{padding-right: 50px !important;padding-left: 50px !important;}&#8221;] Somos un Estudio Aduanero que se distingue por brindar un servicio de asesoramiento especializado e innovador. Brindando servicios desde el a\u00f1o 2011, pero con m\u00e1s de 20 a\u00f1os de experiencia ininterrumpida, gracias al desempe\u00f1o de nuestros fundadores en la actividad aduanera y de log\u00edstica. Desde un comienzo, la innovaci\u00f3n y el dinamismo han sido claves en nuestro trabajo, caracter\u00edsticas por las que hoy nos reconocen quienes han decidido confiarnos sus operaciones. [\/vc_column_text][vc_tta_tabs style=&#8221;modern&#8221; color=&#8221;white&#8221; spacing=&#8221;35&#8243; gap=&#8221;35&#8243; alignment=&#8221;center&#8221; active_section=&#8221;1&#8243; no_fill_content_area=&#8221;true&#8221;][vc_tta_section title=&#8221;NUESTRA HISTORIA&#8221; tab_id=&#8221;1510686013253-8a8fbe19-7fbd&#8221;][vc_column_text] NUESTRA\u00a0HISTORIA [\/vc_column_text][vc_row_inner][vc_column_inner][vc_column_text css_animation=&#8221;left-to-right&#8221; css=&#8221;.vc_custom_1604859167671{padding-right: 20px !important;padding-left: 20px !important;}&#8221;] 20 A\u00d1OS DE EXPERIENCIA. Si bien DYTSA comienza sus actividad como tal en el a\u00f1o 2011, sus socios fundadores cuentan con m\u00e1s de 20 a\u00f1os de experiencia ininterrumpida en la actividad aduanera y log\u00edstica. [\/vc_column_text][\/vc_column_inner][\/vc_row_inner][\/vc_tta_section][vc_tta_section title=&#8221;MISI\u00d3N&#8221; tab_id=&#8221;1510686013313-1ac6fde1-a26a&#8221;][vc_column_text] MISI\u00d3N [\/vc_column_text][vc_row_inner][vc_column_inner][vc_column_text css_animation=&#8221;left-to-right&#8221;] \u00a1Siempre buscando m\u00e1s! Ofrecer un asesoramiento integral e innovador en Comercio Internacional a trav\u00e9s de un equipo multidisciplinario de profesionales, atendiendo las necesidades de nuestros clientes en tiempo y forma, minimizando los costos, optimizando los recursos y asegurando que la carga llegue a destino en condiciones \u00f3ptimas. [\/vc_column_text][\/vc_column_inner][\/vc_row_inner][\/vc_tta_section][vc_tta_section title=&#8221;VISI\u00d3N&#8221; tab_id=&#8221;1510686462447-8efcdd4f-cee0&#8243;][vc_column_text] VISI\u00d3N [\/vc_column_text][vc_row_inner][vc_column_inner][vc_column_text css_animation=&#8221;left-to-right&#8221;] Ser la empresa referente en Comercio Internacional, manteni\u00e9ndonos siempre en continuo crecimiento para beneficio de nuestros clientes. [\/vc_column_text][\/vc_column_inner][\/vc_row_inner][\/vc_tta_section][vc_tta_section title=&#8221;NUESTROS CLIENTES&#8221; tab_id=&#8221;1510686652663-6696ddaf-f119&#8243;][vc_column_text] NUESTROS\u00a0CLIENTES [\/vc_column_text][vc_column_text css_animation=&#8221;left-to-right&#8221;] Conozca a algunas de las empresas que nos conf\u00edan sus operaciones de comercio exterior. [\/vc_column_text][\/vc_tta_section][\/vc_tta_tabs][\/vc_column][\/vc_row][vc_row row_type=&#8221;2&#8243; row_id=&#8221;contac&#8221; blox_image=&#8221;9806&#8243; blox_padding_top=&#8221;100&#8243; blox_padding_bottom=&#8221;100&#8243; blox_dark=&#8221;true&#8221; blox_bgcolor=&#8221;#43103a&#8221;][vc_column][vc_column_text] CONTACTO \u00a1H\u00e1ganos saber c\u00f3mo podemos ayudarlo! [\/vc_column_text][vc_row_inner][vc_column_inner width=&#8221;1\/4&#8243;][\/vc_column_inner][vc_column_inner width=&#8221;1\/2&#8243;][\/vc_column_inner][vc_column_inner width=&#8221;1\/4&#8243;][\/vc_column_inner][\/vc_row_inner][\/vc_column][\/vc_row][vc_row][vc_column][vc_column_text] Santiago del Estero 315, Piso 3, Oficina 33. (C1075AAG) C.A.B.A. Tel: (+54 11) 2153-3629 Email: consultas@dytsa.com.ar [\/vc_column_text][\/vc_column][\/vc_row]<\/p>\n","protected":false},"author":1,"featured_media":0,"parent":0,"menu_order":0,"comment_status":"closed","ping_status":"closed","template":"","meta":{"footnotes":""},"class_list":["post-9789","page","type-page","status-publish","hentry"],"_links":{"self":[{"href":"http:\/\/dytsa.com.ar\/index.php?rest_route=\/wp\/v2\/pages\/9789"}],"collection":[{"href":"http:\/\/dytsa.com.ar\/index.php?rest_route=\/wp\/v2\/pages"}],"about":[{"href":"http:\/\/dytsa.com.ar\/index.php?rest_route=\/wp\/v2\/types\/page"}],"author":[{"embeddable":true,"href":"http:\/\/dytsa.com.ar\/index.php?rest_route=\/wp\/v2\/users\/1"}],"replies":[{"embeddable":true,"href":"http:\/\/dytsa.com.ar\/index.php?rest_route=%2Fwp%2Fv2%2Fcomments&post=9789"}],"version-history":[{"count":41,"href":"http:\/\/dytsa.com.ar\/index.php?rest_route=\/wp\/v2\/pages\/9789\/revisions"}],"predecessor-version":[{"id":10185,"href":"http:\/\/dytsa.com.ar\/index.php?rest_route=\/wp\/v2\/pages\/9789\/revisions\/10185"}],"wp:attachment":[{"href":"http:\/\/dytsa.com.ar\/index.php?rest_route=%2Fwp%2Fv2%2Fmedia&parent=9789"}],"curies":[{"name":"wp","href":"https:\/\/api.w.org\/{rel}","templated":true}]}}